{"id":337,"date":"2025-06-21T13:34:47","date_gmt":"2025-06-21T13:34:47","guid":{"rendered":"https:\/\/soymiangelia.com.co\/?post_type=product&#038;p=337"},"modified":"2025-06-21T13:34:47","modified_gmt":"2025-06-21T13:34:47","slug":"gnm-x","status":"publish","type":"product","link":"https:\/\/soymiangelia.com.co\/?product=gnm-x","title":{"rendered":"GNM-X"},"content":{"rendered":"<div class=\"container mb-5\">\n<div class=\"row\">\n<div class=\"col-lg-8 mb-4 mb-lg-0 p-3 text-left\">Nrf2 juega un papel importante en la defensa celular contra el estr\u00e9s oxidativo y la inflamaci\u00f3n, dos condiciones estrechamente relacionadas con cientos de enfermedades. GNM-X utiliza influencias epigen\u00e9ticas para optimizar la expresi\u00f3n gen\u00e9tica y proteger su cuerpo de los efectos del medio ambiente y el envejecimiento. Su impresionante gama de beneficios incluye:<\/p>\n<ul>\n<li>Reduce el efecto del estr\u00e9s oxidativo y el envejecimiento sobre nuestras c\u00e9lulas.<\/li>\n<li>Utiliza influencias epigen\u00e9ticas para optimizar la expresi\u00f3n g\u00e9nica.<\/li>\n<li>Protege de los efectos del medio ambiente y el envejecimiento.<\/li>\n<li>Inhibe la v\u00eda de apagado dentro de las celdas y permite que Nrf2 funcione durante largos periodos de tiempo.<\/li>\n<li>Activa la producci\u00f3n de Nrf2 en una proporci\u00f3n de 10: 1 en comparaci\u00f3n con otros productos.<\/li>\n<\/ul>\n<\/div>\n<\/div>\n<\/div>\n<div class=\"container-fluid bg-light p-4 mb-5\">\n<div class=\"quote row\">\n<div class=\"col-md-12 text-left\">\n<h2>Especificaciones GNM-X<\/h2>\n<p>El envejecimiento, el medio ambiente y la dieta tienen un impacto importante en la forma en que se expresan nuestros genes. Cuando permitimos que estos factores influyan en nuestro cuerpo sin control, a menudo experimentamos mala salud causada por un sistema inmunol\u00f3gico debilitado y una mayor inflamaci\u00f3n en nuestras c\u00e9lulas. La disminuci\u00f3n de la energ\u00eda, la falta de sue\u00f1o, el aumento de peso y sentirse y parecer mayor son s\u00edntomas que a menudo simplemente hacemos pasar por envejecimiento. GNM-X est\u00e1 dise\u00f1ado para combatir los efectos de estas amenazas reactivando funciones celulares que se sabe que disminuyen a medida que envejecemos.Nrf2 es una poderosa prote\u00edna que regula la producci\u00f3n de enzimas antioxidantes que protegen contra el da\u00f1o oxidativo. Nrf2 requiere un activador para que entre en acci\u00f3n, \u00a1y ah\u00ed es donde entra en juego GNM-X! Al activar Nrf2, esencialmente se activa el sistema de defensa natural del cuerpo.Nuestros cuerpos son m\u00e1quinas que necesitan energ\u00eda para funcionar bien. Sin embargo, al igual que muchas otras m\u00e1quinas, nuestros cuerpos pueden desgastarse con el tiempo y comienza a producir estr\u00e9s oxidativo (pensemos en el \u00f3xido del metal). El estr\u00e9s oxidativo es la diferencia entre la cantidad de radicales libres que produce su cuerpo y la capacidad de su cuerpo para desintoxicar estos radicales libres. Los radicales libres son subproductos moleculares da\u00f1inos que se forman en nuestro cuerpo cuando las mitocondrias de nuestras c\u00e9lulas crean energ\u00eda para nuestro cuerpo. GNM-X funciona como un antioxidante para sellar los radicales libres, previniendo su da\u00f1o y no solo protegi\u00e9ndote del estr\u00e9s oxidativo, sino deshaciendo el da\u00f1o actual.<\/p><\/div>\n<\/div>\n<\/div>\n<div class=\"container-fluid mt-3 mb-4\">\n<div class=\"quote row\">\n<div class=\"col-md-8 text-left pr-5\">\n<h2>Otros ingredientes<\/h2>\n<p>Celulosa microcristalina silicificada, di\u00f3xido de silicio coloidal, \u00e1cido este\u00e1rico, calcio dib\u00e1sico, fosfato dihidrato.Almacene bien cerrado en un lugar fresco y seco. Mantener fuera del alcance de los ni\u00f1os. Si est\u00e1 embarazada o lactando, consulte a su m\u00e9dico antes de usar este producto.<\/p><\/div>\n<div><img fetchpriority=\"high\" decoding=\"async\" class=\" wp-image-338 aligncenter\" src=\"https:\/\/soymiangelia.com.co\/wp-content\/uploads\/2025\/06\/gnmx-facts-270x300.png\" alt=\"\" width=\"306\" height=\"340\" srcset=\"https:\/\/soymiangelia.com.co\/wp-content\/uploads\/2025\/06\/gnmx-facts-270x300.png 270w, https:\/\/soymiangelia.com.co\/wp-content\/uploads\/2025\/06\/gnmx-facts.png 384w\" sizes=\"(max-width: 306px) 100vw, 306px\" \/><\/div>\n<\/div>\n<\/div>\n","protected":false},"excerpt":{"rendered":"<p>El activador Nrf2 m\u00e1s potente del mercado. GNM-X es un poderoso compuesto que regula la expresi\u00f3n gen\u00e9tica y los cambios epigen\u00e9ticos para lograr una funci\u00f3n celular \u00f3ptima y compensar los efectos negativos del medio ambiente, el envejecimiento, la inflamaci\u00f3n, el estr\u00e9s oxidativo y los genes mal regulados.<\/p>\n","protected":false},"featured_media":214,"comment_status":"open","ping_status":"closed","template":"","meta":{"site-sidebar-layout":"default","site-content-layout":"","ast-site-content-layout":"default","site-content-style":"default","site-sidebar-style":"default","ast-global-header-display":"","ast-banner-title-visibility":"","ast-main-header-display":"","ast-hfb-above-header-display":"","ast-hfb-below-header-display":"","ast-hfb-mobile-header-display":"","site-post-title":"","ast-breadcrumbs-content":"","ast-featured-img":"","footer-sml-layout":"","theme-transparent-header-meta":"default","adv-header-id-meta":"","stick-header-meta":"","header-above-stick-meta":"","header-main-stick-meta":"","header-below-stick-meta":"","astra-migrate-meta-layouts":"set","ast-page-background-enabled":"default","ast-page-background-meta":{"desktop":{"background-color":"var(--ast-global-color-5)","background-image":"","background-repeat":"repeat","background-position":"center center","background-size":"auto","background-attachment":"scroll","background-type":"","background-media":"","overlay-type":"","overlay-color":"","overlay-opacity":"","overlay-gradient":""},"tablet":{"background-color":"","background-image":"","background-repeat":"repeat","background-position":"center center","background-size":"auto","background-attachment":"scroll","background-type":"","background-media":"","overlay-type":"","overlay-color":"","overlay-opacity":"","overlay-gradient":""},"mobile":{"background-color":"","background-image":"","background-repeat":"repeat","background-position":"center center","background-size":"auto","background-attachment":"scroll","background-type":"","background-media":"","overlay-type":"","overlay-color":"","overlay-opacity":"","overlay-gradient":""}},"ast-content-background-meta":{"desktop":{"background-color":"var(--ast-global-color-4)","background-image":"","background-repeat":"repeat","background-position":"center center","background-size":"auto","background-attachment":"scroll","background-type":"","background-media":"","overlay-type":"","overlay-color":"","overlay-opacity":"","overlay-gradient":""},"tablet":{"background-color":"var(--ast-global-color-4)","background-image":"","background-repeat":"repeat","background-position":"center center","background-size":"auto","background-attachment":"scroll","background-type":"","background-media":"","overlay-type":"","overlay-color":"","overlay-opacity":"","overlay-gradient":""},"mobile":{"background-color":"var(--ast-global-color-4)","background-image":"","background-repeat":"repeat","background-position":"center center","background-size":"auto","background-attachment":"scroll","background-type":"","background-media":"","overlay-type":"","overlay-color":"","overlay-opacity":"","overlay-gradient":""}},"_joinchat":[]},"product_brand":[],"product_cat":[22],"product_tag":[],"class_list":{"0":"post-337","1":"product","2":"type-product","3":"status-publish","4":"has-post-thumbnail","6":"product_cat-productos","7":"desktop-align-left","8":"tablet-align-left","9":"mobile-align-left","11":"first","12":"instock","13":"shipping-taxable","14":"product-type-external"},"_links":{"self":[{"href":"https:\/\/soymiangelia.com.co\/index.php?rest_route=\/wp\/v2\/product\/337","targetHints":{"allow":["GET"]}}],"collection":[{"href":"https:\/\/soymiangelia.com.co\/index.php?rest_route=\/wp\/v2\/product"}],"about":[{"href":"https:\/\/soymiangelia.com.co\/index.php?rest_route=\/wp\/v2\/types\/product"}],"replies":[{"embeddable":true,"href":"https:\/\/soymiangelia.com.co\/index.php?rest_route=%2Fwp%2Fv2%2Fcomments&post=337"}],"wp:featuredmedia":[{"embeddable":true,"href":"https:\/\/soymiangelia.com.co\/index.php?rest_route=\/wp\/v2\/media\/214"}],"wp:attachment":[{"href":"https:\/\/soymiangelia.com.co\/index.php?rest_route=%2Fwp%2Fv2%2Fmedia&parent=337"}],"wp:term":[{"taxonomy":"product_brand","embeddable":true,"href":"https:\/\/soymiangelia.com.co\/index.php?rest_route=%2Fwp%2Fv2%2Fproduct_brand&post=337"},{"taxonomy":"product_cat","embeddable":true,"href":"https:\/\/soymiangelia.com.co\/index.php?rest_route=%2Fwp%2Fv2%2Fproduct_cat&post=337"},{"taxonomy":"product_tag","embeddable":true,"href":"https:\/\/soymiangelia.com.co\/index.php?rest_route=%2Fwp%2Fv2%2Fproduct_tag&post=337"}],"curies":[{"name":"wp","href":"https:\/\/api.w.org\/{rel}","templated":true}]}}