{"id":347,"date":"2025-06-21T13:48:00","date_gmt":"2025-06-21T13:48:00","guid":{"rendered":"https:\/\/soymiangelia.com.co\/?post_type=product&#038;p=347"},"modified":"2025-06-21T13:52:00","modified_gmt":"2025-06-21T13:52:00","slug":"crema-revitalizadora","status":"publish","type":"product","link":"https:\/\/soymiangelia.com.co\/?product=crema-revitalizadora","title":{"rendered":"Crema Revitalizadora"},"content":{"rendered":"<h2>Mejora la firmeza<\/h2>\n<p>Aumenta la firmeza y elasticidad de tu piel, proporcionando beneficios antienvejecimiento duraderos.<\/p>\n<div class=\"row\">\n<div class=\"col-lg-6 mb-4 mb-lg-0 p-3 text-left\">\n<h2 class=\"mt-4\">Hidrata la piel<\/h2>\n<p>Mejora la retenci\u00f3n de humedad e incrementa la hidrataci\u00f3n al prevenir la p\u00e9rdida de agua.<\/p>\n<h2 class=\"mt-4\">Calma la irritaci\u00f3n<\/h2>\n<p>Sin provocar enrojecimiento, ardor, picaz\u00f3n ni resequedad.<\/p>\n<\/div>\n<\/div>\n<div class=\"row\">\n<div class=\"col-lg-6 mb-4 mb-lg-0 p-3 text-left\">\n<h2 class=\"mt-4\">Elaborado \u00e9ticamente<\/h2>\n<p>La Crema Revitalizadora EMORA deja la piel m\u00e1s suave y con una apariencia visiblemente m\u00e1s joven.<\/p>\n<\/div>\n<div class=\"col-lg-6 mb-4 mb-lg-0 p-3 text-left\">\n<h2 class=\"mt-4\">Revitaliza<\/h2>\n<p>La Crema Revitalizadora EMORA deja la piel m\u00e1s suave y con una apariencia m\u00e1s joven.<\/p>\n<\/div>\n<div>\n<div class=\"container-fluid bg-light p-4 mb-5\">\n<div class=\"quote row\">\n<div class=\"col-xl-6 col-lg-12 col-m-12 col-sm-12 col-xs-12 text-left mt-3\">\n<h2>Especificaciones de la Crema Revitalizadora EMORA<\/h2>\n<p>La Crema Revitalizadora EMORA repara y perfecciona la delicada piel de tu rostro. Elaborada con ingredientes naturales, proporciona beneficios antienvejecimiento duraderos, mejorando significativamente la firmeza, elasticidad y retenci\u00f3n de humedad, sin los efectos secundarios negativos del retinol. Su ingrediente clave se obtiene de manera inofensiva de las estrellas de mar y aprovecha sus propiedades regenerativas, las mismas que les permiten regenerar sus extremidades. Combinada con niacinamida, que mejora la hidrataci\u00f3n al prevenir la evaporaci\u00f3n de la humedad, esta crema refresca tu rostro, realza y protege tu belleza natural, dejando tu piel firme, joven y suave.<\/p>\n<\/div>\n<\/div>\n<\/div>\n<div class=\"container mt-3 mb-5\">\n<div class=\"quote row\">\n<div class=\"col-md-12 text-center\">\n<h2>Ingredientes clave<\/h2>\n<\/div>\n<\/div>\n<div class=\"row \">\n<div class=\"col-md-6 text-left\">\n<h4>Suero de estrella de mar<\/h4>\n<ul>\n<li>Contiene fluido cel\u00f3mico de estrellas de mar reales, el compuesto rejuvenecedor que les permite regenerar sus extremidades.<\/li>\n<li>Reduce la apariencia de arrugas, hidrata la piel y mejora su elasticidad y firmeza.<\/li>\n<\/ul>\n<\/div>\n<div class=\"col-md-6 text-left\">\n<h4>Niacinamida<\/h4>\n<ul>\n<li>Una poderosa forma de Vitamina B3.<\/li>\n<li>Ayuda a prevenir la evaporaci\u00f3n de la humedad de la piel.<\/li>\n<\/ul>\n<\/div>\n<\/div>\n<\/div>\n<footer class=\"bg-dark text-center text-white grad\">\n<div class=\"container p-4\">\n<section class=\"mb-4\">\u00a0\u00a0\u00a0\u00a0<\/section>\n<\/div>\n<\/footer>\n<\/div>\n<\/div>\n","protected":false},"excerpt":{"rendered":"<p>Esta crema con suero de estrella de mar cura y rejuvenece tu rostro con las mismas propiedades que permiten a las estrellas de mar regenerar sus extremidades. Con mejoras impresionantes en la firmeza, elasticidad y retenci\u00f3n de humedad de la piel, te brindar\u00e1 beneficios antienvejecimiento duraderos.<\/p>\n","protected":false},"featured_media":221,"comment_status":"open","ping_status":"closed","template":"","meta":{"site-sidebar-layout":"default","site-content-layout":"","ast-site-content-layout":"default","site-content-style":"default","site-sidebar-style":"default","ast-global-header-display":"","ast-banner-title-visibility":"","ast-main-header-display":"","ast-hfb-above-header-display":"","ast-hfb-below-header-display":"","ast-hfb-mobile-header-display":"","site-post-title":"","ast-breadcrumbs-content":"","ast-featured-img":"","footer-sml-layout":"","theme-transparent-header-meta":"default","adv-header-id-meta":"","stick-header-meta":"","header-above-stick-meta":"","header-main-stick-meta":"","header-below-stick-meta":"","astra-migrate-meta-layouts":"set","ast-page-background-enabled":"default","ast-page-background-meta":{"desktop":{"background-color":"var(--ast-global-color-5)","background-image":"","background-repeat":"repeat","background-position":"center center","background-size":"auto","background-attachment":"scroll","background-type":"","background-media":"","overlay-type":"","overlay-color":"","overlay-opacity":"","overlay-gradient":""},"tablet":{"background-color":"","background-image":"","background-repeat":"repeat","background-position":"center center","background-size":"auto","background-attachment":"scroll","background-type":"","background-media":"","overlay-type":"","overlay-color":"","overlay-opacity":"","overlay-gradient":""},"mobile":{"background-color":"","background-image":"","background-repeat":"repeat","background-position":"center center","background-size":"auto","background-attachment":"scroll","background-type":"","background-media":"","overlay-type":"","overlay-color":"","overlay-opacity":"","overlay-gradient":""}},"ast-content-background-meta":{"desktop":{"background-color":"var(--ast-global-color-4)","background-image":"","background-repeat":"repeat","background-position":"center center","background-size":"auto","background-attachment":"scroll","background-type":"","background-media":"","overlay-type":"","overlay-color":"","overlay-opacity":"","overlay-gradient":""},"tablet":{"background-color":"var(--ast-global-color-4)","background-image":"","background-repeat":"repeat","background-position":"center center","background-size":"auto","background-attachment":"scroll","background-type":"","background-media":"","overlay-type":"","overlay-color":"","overlay-opacity":"","overlay-gradient":""},"mobile":{"background-color":"var(--ast-global-color-4)","background-image":"","background-repeat":"repeat","background-position":"center center","background-size":"auto","background-attachment":"scroll","background-type":"","background-media":"","overlay-type":"","overlay-color":"","overlay-opacity":"","overlay-gradient":""}},"_joinchat":[]},"product_brand":[],"product_cat":[22],"product_tag":[],"class_list":{"0":"post-347","1":"product","2":"type-product","3":"status-publish","4":"has-post-thumbnail","6":"product_cat-productos","7":"desktop-align-left","8":"tablet-align-left","9":"mobile-align-left","11":"first","12":"instock","13":"shipping-taxable","14":"product-type-external"},"_links":{"self":[{"href":"https:\/\/soymiangelia.com.co\/index.php?rest_route=\/wp\/v2\/product\/347","targetHints":{"allow":["GET"]}}],"collection":[{"href":"https:\/\/soymiangelia.com.co\/index.php?rest_route=\/wp\/v2\/product"}],"about":[{"href":"https:\/\/soymiangelia.com.co\/index.php?rest_route=\/wp\/v2\/types\/product"}],"replies":[{"embeddable":true,"href":"https:\/\/soymiangelia.com.co\/index.php?rest_route=%2Fwp%2Fv2%2Fcomments&post=347"}],"wp:featuredmedia":[{"embeddable":true,"href":"https:\/\/soymiangelia.com.co\/index.php?rest_route=\/wp\/v2\/media\/221"}],"wp:attachment":[{"href":"https:\/\/soymiangelia.com.co\/index.php?rest_route=%2Fwp%2Fv2%2Fmedia&parent=347"}],"wp:term":[{"taxonomy":"product_brand","embeddable":true,"href":"https:\/\/soymiangelia.com.co\/index.php?rest_route=%2Fwp%2Fv2%2Fproduct_brand&post=347"},{"taxonomy":"product_cat","embeddable":true,"href":"https:\/\/soymiangelia.com.co\/index.php?rest_route=%2Fwp%2Fv2%2Fproduct_cat&post=347"},{"taxonomy":"product_tag","embeddable":true,"href":"https:\/\/soymiangelia.com.co\/index.php?rest_route=%2Fwp%2Fv2%2Fproduct_tag&post=347"}],"curies":[{"name":"wp","href":"https:\/\/api.w.org\/{rel}","templated":true}]}}